1 + -100032?
21202313
In base 8, what is -3 - 212261?
-212264
In base 14, what is 2a734 - -20a0?
2c7d4
In base 11, what is 118546 - 29a?
118257
In base 4, what is 2312013210031 + -2?
2312013210023
In base 7, what is -15154 + -1355445?
-1403632
In base 13, what is -5 - -636347?
636342
In base 6, what is -14 + 223444021?
223444003
In base 16, what is f + -2b5f588?
-2b5f579
In base 13, what is -5 - -100c535?
100c530
In base 5, what is 214333 + 20210?
240043
In base 15, what is 68 + 86c5?
873d
In base 14, what is 3d + -1d1377?
-1d1338
In base 14, what is 2dab10 + d?
2dab1d
In base 9, what is 1 - 388381622?
-388381621
In base 5, what is -3 - -23332241023?
23332241020
In base 7, what is -15210661145 + -3?
-15210661151
In base 8, what is 5 - 552141160?
-552141153
In base 13, what is -1 - -221c90?
221c8c
In base 4, what is 110233230 + 131122?
111031012
In base 9, what is -2017 - 3813?
-5831
In base 7, what is -3 + -2430360?
-2430363
In base 4, what is 11122201302013 - -2?
11122201302021
In base 15, what is -18483b + -5?
-184841
In base 14, what is -120531c + 1?
-120531b
In base 7, what is 6203 + -335416?
-326213
In base 12, what is -6a2 - 2236?
-2918
In base 7, what is 125536 + 24153?
153022
In base 14, what is 2441b - -670?
24a8b
In base 8, what is -4427062 + 15?
-4427045
In base 11, what is 271 + 1877a?
18a40
In base 15, what is da9 + -2c29c?
-2b3e3
In base 12, what is -446a - -671?
-39b9
In base 11, what is -104163601 + -1?
-104163602
In base 8, what is -7 + 2605447?
2605440
In base 16, what is -5b2ffe - d?
-5b300b
In base 13, what is 19 - 598812?
-5987c6
In base 14, what is 16a1d79 + 11?
16a1d8a
In base 11, what is -a46a419 + -2?
-a46a420
In base 11, what is -1304 - 243a?
-3743
In base 9, what is -632881156 + 0?
-632881156
In base 12, what is 690069ba + -4?
690069b6
In base 15, what is 9d - 236a8?
-2360a
In base 10, what is 3760 - 9718?
-5958
In base 8, what is -1161211 + -25?
-1161236
In base 16, what is 7cd - 5b5a?
-538d
In base 6, what is 2055345 + 4440?
2104225
In base 7, what is -1135562250 - 12?
-1135562262
In base 15, what is c5 + 29c07?
29ccc
In base 6, what is 41 - 140102?
-140021
In base 11, what is -143648a + 15?
-1436475
In base 5, what is -1143 - -2220313?
2214120
In base 13, what is -1cab7 + -51?
-1cb38
In base 10, what is -2 + 730762?
730760
In base 13, what is 152 + -63b0c?
-6398a
In base 6, what is -15 + 2010223541?
2010223522
In base 15, what is -903b - -b62?
-83c9
In base 5, what is 14 + -130400342?
-130400323
In base 10, what is -623420 + -17?
-623437
In base 2, what is -111 - -1101001111110111010?
1101001111110110011
In base 8, what is 1710 + 35624?
37534
In base 4, what is -12 + 21103312202?
21103312130
In base 10, what is -14954 - 8?
-14962
In base 3, what is -211021100011100 - 12?
-211021100011112
In base 2, what is -100100100011001101101 - -11?
-100100100011001101010
In base 11, what is -635608 - -2?
-635606
In base 6, what is -1541001 + 31?
-1540530
In base 5, what is -22 - 312112?
-312134
In base 3, what is 2122 - 11111022110210?
-11111022101011
In base 10, what is 2 - -5796259?
5796261
In base 4, what is 13331200233100 - 11?
13331200233023
In base 10, what is -340 + 229372?
229032
In base 13, what is -bc233 + -45?
-bc278
In base 7, what is 1342612 + 3134?
1346046
In base 8, what is -1255511 - -70?
-1255421
In base 14, what is -4985 + -350?
-4cd5
In base 4, what is -1 - 1000330003?
-1000330010
In base 6, what is -125502004353 - -3?
-125502004350
In base 3, what is 1111102110 + 1?
1111102111
In base 12, what is -232332b + -1?
-2323330
In base 2, what is -100101101010001000 - 1100101?
-100101101011101101
In base 10, what is -54375791 - -3?
-54375788
In base 4, what is -1301 - 3021331332?
-3021333233
In base 16, what is -5 - 6aee27?
-6aee2c
In base 6, what is -24 - -513521030?
513521002
In base 11, what is 391a226 - -8?
391a233
In base 7, what is -33243462143 + -4?
-33243462150
In base 15, what is 2be931 - 60?
2be8c1
In base 2, what is -111010001001111101110101 - 0?
-111010001001111101110101
In base 10, what is 86967 + 6381?
93348
In base 5, what is 4123044024 + 32?
4123044111
In base 12, what is 60 + -70a31a?
-70a27a
In base 12, what is -5361964 + -4?
-5361968
In base 2, what is 101111001110001001001 + -100?
101111001110001000101
In base 13, what is 8a - 149a79?
-1499bc
In base 12, what is 13 + -28a8?
-2895
In base 11, what is -4261004 - 0?
-4261004
In base 16, what is 5f19 + -196?
5d83
In base 2, what is 110101000001111 + -101010?
110100111100101
In base 10, what is -1 - -1862615?
1862614
In base 12, what is 54 + 38454b?
3845a3
In base 9, what is 1083 - -1613?
2706
In base 14, what is 526d593 + 0?
526d593
In base 12, what is 5146931 + -1?
5146930
In base 5, what is -110444434 + 123?
-110444311
In base 16, what is 3bf7f0 + -f?
3bf7e1
In base 16, what is 6de3 + c3e?
7a21
In base 5, what is 1040020232240 + 2?
1040020232242
In base 14, what is -a8 + -4017?
-40c1
In base 11, what is -aa65 + a708?
-358
In base 12, what is 8819 + -41a4?
4635
In base 16, what is -837 + 8553?
7d1c
In base 12, what is -1 - 1b4502a6?
-1b4502a7
In base 14, what is adb291 + d?
adb2a0
In base 2, what is -100 + 10011000111101111000101?
10011000111101111000001
In base 11, what is -53 - -4aa89?
4aa36
In base 7, what is -1 + 6245053211?
6245053210
In base 10, what is 1590191 + 4?
1590195
In base 14, what is -44b3c7 + -22?
-44b409
In base 11, what is -22a928 - -30?
-22a8a8
In base 13, what is 4a05c4 - -14?
4a0608
In base 8, what is -13335 + 3363?
-7752
In base 12, what is 20b818 + 15?
20b831
In base 12, what is 52b817 - 0?
52b817
In base 15, what is -5 - -6b88d?
6b888
In base 16, what is 1ca + -f9990?
-f97c6
In base 15, what is 1317 + 14d?
1465
In base 13, what is 170 + 2796ca?
27986a
In base 9, what is -203 - -74820?
74616
In base 2, what is -111111111100 - 1000001110101011?
-1001001110100111
In base 5, what is 1143303013 - -12?
1143303030
In base 12, what is -9a9763 + 12?
-9a9751
In base 15, what is -197730 + 66?
-1976b9
In base 7, what is -24 - -1610364?
1610340
In base 15, what is 80792 + 1d9?
8097b
In base 13, what is 52754c - -30?
52757c
In base 8, what is 413 - -433505?
434120
In base 9, what is -55 - -2211215?
2211150
In base 9, what is 8 - 4853267?
-4853258
In base 2, what is 11011010010 + 11010011010?
110101101100
In base 9, what is -257007 + 1?
-257006
In base 2, what is 1000110000 + 100011011100101010?
100011100101011010
In base 14, what is -3 - -74811a?
748117
In base 2, what is -1001 + -11100100100010010110?
-11100100100010011111
In base 2, what is -1000000110 + 100011010111001110?
100011001111001000
In base 8, what is -33035 + -64331?
-117366
In base 2, what is 11001010111000 + -10000000010?
10111010110110
In base 3, what is 12201000200120 + -2101?
12201000121012
In base 12, what is -637979 + -165?
-637b22
In base 7, what is -414 - -22443?
22026
In base 9, what is 105 + -346501?
-346385
In base 8, what is 1257 - -102312?
103571
In base 11, what is 307 - 191370?
-191064
In base 13, what is 7 + 133b8bba?
133b8bc4
In base 13, what is -1237331 + 4?
-123732a
In base 11, what is 291912 - 8a?
291833
In base 6, what is -2 - 1403030?
-1403032
In base 15, what is 87 - 1622b0?
-162228
In base 7, what is 1 + -1044263206?
-1044263205
In base 2, what is 1011101011100011001001 + 101?
1011101011100011001110
In base 3, what is -1021220110111202 - 11?
-1021220110111220
In base 15, what is -b9cacce + -12?
-b9cace1
In base 2, what is -100 - -1010000100100001110100?
1010000100100001110000
In base 6, what is -404513 - 15413?
-424330
In base 2, what is -1001010011100000011001100 + 1100?
-1001010011100000011000000
In base 4, what is 11102 + 110021223?
110032331
In base 5, what is -11 - 443321240?
-443321301
In base 7, what is -20320630 + -14?
-20320644
In base 10, what is 13015 - -2908?
15923
In base 11, what is 5 + -a15195?
-a15190
In base 10, what is 1313 - 184065?
-182752
In base 13, what is b6ab79 + 223?
b6b09c
In base 8, what is 40 + -37570?
-37530
In base 3, what is 20021110 + 122221012?
220012122
In base 5, what is 33213343 + 20421?
33234314
In base 5, what is -140 + 24423013?
24422323
In base 16, what is -5 - -2fb85?
2fb80
In base 6, what is -2433050 + 254?
-2432352
In base 5, what is -2 + -2114242124?
-2114242131
In base 15, what is 198 + 69a2?
6b4a
In